{"id":678,"date":"2021-06-10T07:54:48","date_gmt":"2021-06-10T06:54:48","guid":{"rendered":"http:\/\/roots.osa-clan.net\/?page_id=678"},"modified":"2023-10-09T11:56:33","modified_gmt":"2023-10-09T10:56:33","slug":"kari-larsdatter-1801-84","status":"publish","type":"page","link":"https:\/\/roots.osa-clan.net\/index.php\/family-tree\/david-osa-1920-1965\/lars-nilsen-osa-1890-1924\/nils-davidsson-osa-1841-1910\/kari-larsdatter-1801-84\/","title":{"rendered":"Kari Larsdatter Bange (1801-84)"},"content":{"rendered":"\n<blockquote class=\"wp-block-quote info-female is-style-default is-layout-flow wp-block-quote-is-layout-flow advgb-dyn-0764da94\">\n<p>G5 (ff-f-m) <strong>Kari Larsdatter <\/strong>(Place names: Bagne, Kv\u00e5le, Osa)<br><strong>Birth<\/strong>: <a href=\"https:\/\/www.digitalarkivet.no\/kb20070523620679\" target=\"_blank\" rel=\"noreferrer noopener\" title=\"Church record: Right hand page, middle column, near top\">22 May 1801<\/a>, Bagnsn\u00f8stet, Bagne, Ulvik<br><strong>Death<\/strong>: 1884, Osa<br><strong>Parents<\/strong>: <a href=\"https:\/\/roots.osa-clan.net\/index.php\/family-tree\/david-osa-1920-1965\/lars-nilsen-osa-1890-1924\/nils-davidsson-osa-1841-1910\/kari-larsdatter-1801-84\/lars-olsen-1776\/\" title=\"Lars Olsen (1776-?)\">Lars Olsson<\/a> Sandvin &amp; <a href=\"https:\/\/roots.osa-clan.net\/index.php\/family-tree\/david-osa-1920-1965\/lars-nilsen-osa-1890-1924\/nils-davidsson-osa-1841-1910\/kari-larsdatter-1801-84\/ingebjorg-nilsdatter-1781-1866\/\" title=\"Ingebj\u00f8rg Nilsdatter (1781-1866)\">Ingebj\u00f8rg Nilsdatter<\/a> Bagne<br><strong>Half-siblings<\/strong>: <br>&#8212; via Ingebj\u00f8rg (with Ola Jonsson): Herbj\u00f8rg (1810-95), John (1813-99), Nils (1816-49), Sjur (1818), Brita (1822-22)<br> &#8212; via Lars (with Ingebj\u00f8rg Hansdatter): \u00c5sa (1817-49), Cecilia (1824), Ole (1829-79)<br><strong>Husband<\/strong>: <a href=\"https:\/\/roots.osa-clan.net\/index.php\/family-tree\/david-osa-1920-1965\/lars-nilsen-osa-1890-1924\/nils-davidsson-osa-1841-1910\/david-rasmusson-18901-1858\/\">David Rasmusson<\/a> (1801-58)<\/p>\n<cite>FamilySearch ID: <a href=\"https:\/\/www.familysearch.org\/tree\/person\/details\/LHGC-8PG\" target=\"_blank\" rel=\"noopener\" title=\"\">LHGC-8PG<\/a><\/cite><\/blockquote>\n\n\n\n<p><strong>Birth<\/strong>: Kari was born on 22 May 1801 at Bagnsn\u00f8stet. Her parents were not married.<\/p>\n\n\n\n<pre class=\"wp-block-verse\"> <em>D\u00f8bt u\u00e6gte Barn Kari f\u00f8d<\/em>  <em>d. 22de Maji ved(?) Bagnsn\u00f8stet<\/em>  <em>af for\u00e6ldre ugift Mandsperson<\/em>  <em>Lars Olsson Sandven fra Kindservig Kald og ugift Qvindeperson Ingeborg Nielsd=<\/em> <em>Bagnsn\u00f8ste...<\/em> <\/pre>\n\n\n\n<p><strong>Marriage<\/strong>&nbsp;to David Rasmusson Kv\u00e5le on &nbsp;<a href=\"https:\/\/www.digitalarkivet.no\/kb20070523630126\" target=\"_blank\" rel=\"noreferrer noopener\">27 April 1825<\/a>, Ulvik<\/p>\n\n\n\n<h3 class=\"wp-block-heading advgb-dyn-6929e4b7\">Children<\/h3>\n\n\n\n<ol class=\"wp-block-list\">\n<li>1825 \u2013&nbsp;<strong>Herborg<\/strong>&nbsp;Davidsdatter, born&nbsp;<a href=\"https:\/\/www.digitalarkivet.no\/kb20070523630074\" target=\"_blank\" rel=\"noreferrer noopener\">20 Oct. 1825<\/a>, Torbl\u00e5 &#8211; died 7 Aug 1911\n\n\n\n\n\n\n\n\n<ul class=\"wp-block-list\">\n<li>Married on 3 June 1844 to Sven\/Svein Svendsen (12\/1\/1806 &#8211; 11\/11\/1861) \u2013 Children: \n<ol class=\"wp-block-list\">\n<li>Helge Svendson (1846 &#8211; ~1904) It&#8217;s possible he went to the USA<\/li>\n\n\n\n<li>*David Svendsen (1849 &#8211; ?) Went to Bergen where he married Oline M Eriksdatter (1845 &#8211; 1903). They had 6 children<\/li>\n\n\n\n<li>Marta Svendsdatter (1852 &#8211; 1927). Married in 1881 to Torger Hallsteinsen (1855 &#8211; ?) and had 10 children <\/li>\n\n\n\n<li>Svend Svendsen (1855 &#8211; 1891) Married in 1878 to Maria Olsdatter (1847 &#8211; 1932) and had 5 children <\/li>\n\n\n\n<li>*Kari Svendsdatter (1858 &#8211; 1952)&nbsp;married Knut Knutsen Lekve (1860 &#8211; 1953) in 1881. They had 10 children, the oldest Anna went to USA and then to Canada. <\/li>\n\n\n\n<li>Anna Svendsdatter (1860 &#8211; 1864)<\/li>\n<\/ol>\n<\/li>\n<\/ul>\n\n\n\n<ul class=\"wp-block-list\">\n<li>Married on&nbsp;<a href=\"https:\/\/www.digitalarkivet.no\/kb20070223640692\" target=\"_blank\" rel=\"noreferrer noopener\">29\/03\/1873<\/a> to Ole Mikkelsen 58 \u00e5r (widower) No children.<\/li>\n<\/ul>\n<\/li>\n\n\n\n<li>1827 \u2013&nbsp;<strong>Ingebj\u00f8rg<\/strong>&nbsp;(Engeborg\/Ingeborg) Davidsdatter,&nbsp;<a href=\"https:\/\/www.digitalarkivet.no\/kb20070523630078\" target=\"_blank\" rel=\"noreferrer noopener\">born 10 Sep 1827<\/a>, Lekve \/ Haugen, Ulvik. \n<ul class=\"wp-block-list\">\n<li>No further information is available in the farm books but it is possible that she is the same Ingeborg who in 1855 married Stefan Olsen (1818 &#8211; 1906). They had a son Ole and the family went to the US in about 1866, where they had several more children. <\/li>\n<\/ul>\n<\/li>\n\n\n\n<li>1829 \u2013&nbsp;<strong>Lars<\/strong>&nbsp;Davidsson, born&nbsp;<a href=\"https:\/\/www.digitalarkivet.no\/kb20070523630084\" target=\"_blank\" rel=\"noreferrer noopener\">8 Oct 1829<\/a>, Lekve, Ulvik &#8211; died 1907 Wisconsin, USA. \n<ul class=\"wp-block-list\">\n<li>He married Jorund Jonsdatter Kv\u00e5le (1826 &#8211; 1908) in 1857. They had one son, David Larson who became David L Davidson when the family emigrated to Wisconsin, USA just before 1870 <\/li>\n<\/ul>\n<\/li>\n\n\n\n<li>1832 \u2013&nbsp;<strong>Marit<\/strong>&nbsp;(Marta) Davidsdatter, born&nbsp;<a href=\"https:\/\/www.digitalarkivet.no\/kb20070523630090\" target=\"_blank\" rel=\"noreferrer noopener\">17 Sept 1832<\/a>, Lekve, Ulvik &#8211; died 1918\n<ul class=\"wp-block-list\">\n<li>She had an illegitimate daughter, Marta Sjursdatter (1860 &#8211; 1883) with Sjur Johnsen<\/li>\n\n\n\n<li>She married Endre Mikkelsen Lekve (~1813 &#8211; 1892) on 2 Jul 1836 \u2013 They had 5 Children:\n<ol class=\"wp-block-list\">\n<li>Lars Endreseen (1863 -1914) married in 1887 to Ingebj\u00f8rg Torkjellsdatter (1860 &#8211; 1935).  They had 5 children <\/li>\n\n\n\n<li>David Endresen Lekve (1864 &#8211; 1954) married in 1893 to Gjertrud Ellingsdatter (1866 &#8211; 1940). They had 2 sons and all emigrated to North Dakota, USA in 1906. <\/li>\n\n\n\n<li>Mekjell\/Mikkel Endresen Skaar (1866 &#8211; 1955), married in 1888 to Helena Torgersdatter (1863 &#8211; after 1920).  They had 4 children. <\/li>\n\n\n\n<li>Kari \/Karen Endresdatter (1871 &#8211; 1909). In 1897 she married  Gjert Johannesen (1866 &#8211; 1950) and moved to Bergen. They had 8 children.  <\/li>\n\n\n\n<li>Marta Endresdatter (1876 &#8211; 1954). She married Lars Gjermundsen Skaar (1877 &#8211; 1923) in 1902 and they had 9 children.<\/li>\n<\/ol>\n<\/li>\n<\/ul>\n<\/li>\n\n\n\n<li>1835 &#8211; Rasmus (25 Jan to 10 Feb 1835)<\/li>\n\n\n\n<li>1836 \u2013&nbsp;<strong>Rasmus<\/strong>&nbsp;Davidsson Quale, born&nbsp;<a href=\"https:\/\/www.digitalarkivet.no\/kb20070523630098\" target=\"_blank\" rel=\"noreferrer noopener\">5 Feb 1836<\/a>, Torbl\u00e5, Ulvik &#8211; died 9 Jan 1908, Trempealeau, Wisconsin, USA\n<ul class=\"wp-block-list\">\n<li>Married Anna Johannesdatter (1845 &#8211; 1925) on 22 Nov. 1865. They emigrated to the US in about 1874.  They had the following children:\n<ol class=\"wp-block-list\">\n<li>Kari (= Carrie Davis), (1866, Ulvik &#8211;  1945 Wisconsin). Married to Karl Edward Engebretson (1867 Oslo &#8211; 1933 La Crosse). They had 4 children<\/li>\n\n\n\n<li>Brita (1871 Ulvik,  died around 1875 on the way to the US) <\/li>\n\n\n\n<li>Johannes (= John R Davis) (1874 Rogaland &#8211; 1956 Wisconsin), married  in 1902, to Tena Ervald (880 Germany &#8211;  1977 Wisconsin). They had 2 children. <\/li>\n\n\n\n<li>Brita  (= Betsy Davis)  (1876 &#8211; 1923 Wisconsin), married in 1894 to Paul Olson Nordhus (1859 Norway &#8211; 1937 Wisconsin). They had 7 children.<\/li>\n\n\n\n<li>Dina Mary Davis* (1879 &#8211; 1956), married to married Joseph Alphonsius Crowley (1873 &#8211; 1950). They had one daughter.<\/li>\n\n\n\n<li>David Cornelius Davis (1882 &#8211; 1961), married in 1910 to Thea Marie Twesme (1882-1964). They had 3 children <\/li>\n\n\n\n<li>Emma Davis Quale ( born about 1885 and died after March 1961), married Arthur Gosselin (1880 &#8211; 1949)<\/li>\n\n\n\n<li>Ella Josephine Quale (1891 &#8211; 1893)<\/li>\n<\/ol>\n<\/li>\n<\/ul>\n<\/li>\n\n\n\n<li>1838 \u2013&nbsp;<strong>Ole<\/strong> Davidsen, born <a href=\"https:\/\/www.digitalarkivet.no\/kb20070523630119\" target=\"_blank\" rel=\"noopener\" title=\"\">19 Dec 1838<\/a>, Torbl\u00e5 &#8211; died <a href=\"https:\/\/www.digitalarkivet.no\/kb10081208061214\" target=\"_blank\" rel=\"noopener\" title=\"\">19 Aug 1929<\/a>, \u00d8ksnes Nordland.  \n<ul class=\"wp-block-list\">\n<li>Married 1 Dec 1863 to Mikkelina Jonsdatter (1834  &#8211; ~1917). They had the following children:\n<ol class=\"wp-block-list\">\n<li>David Christian Olsen (1864 &#8211; 1956), married to Anna Kaspara Larsdtr (1872 &#8211; 1951). They had 12 children.<\/li>\n\n\n\n<li>Johan Mathias Olsen  \/ Davidsen (1867 &#8211; ?), married to Karoline Hansine Jakobsdatter (1878 &#8211; 1968). They had 4 children.<\/li>\n\n\n\n<li>Mathea Oline Olsdatter \/ Davidsen (1873 &#8211; 1966), married Jentoft Ebenhardt Rafaelsen (1867 &#8211; ?). They probably didn&#8217;t have any children, but fostered.<\/li>\n<\/ol>\n<\/li>\n<\/ul>\n<\/li>\n\n\n\n<li><strong>1841<\/strong> \u2013&nbsp;<strong>Nils Davidsson Osa<\/strong>, born&nbsp;<a href=\"https:\/\/www.digitalarkivet.no\/view\/255\/pd00000040696907\" target=\"_blank\" rel=\"noreferrer noopener\">21 May 1841<\/a>, Torbl\u00e5, Ulvik &#8211; died 17 Jan 1910 Osa. See <a href=\"https:\/\/roots.osa-clan.net\/index.php\/family-tree\/david-osa-1920-1965\/lars-nilsen-osa-1890-1924\/nils-davidsson-osa-1841-1910\/\" title=\"Nils Davidsson Osa (1841-1910)\">his page<\/a>. <\/li>\n\n\n\n<li>1844 \u2013&nbsp;<strong>David<\/strong>&nbsp;Davidsson, born&nbsp;<a href=\"https:\/\/www.digitalarkivet.no\/view\/255\/pd00000040697678\" target=\"_blank\" rel=\"noreferrer noopener\">13 Jan 1844<\/a>, Torbl\u00e5, Ulvik \u2013 died <a href=\"https:\/\/www.digitalarkivet.no\/kb10811206081126\" target=\"_blank\" rel=\"noopener\" title=\"\">10 Dec 1919<\/a>, B\u00e5tsfjord, Finnmark. He was a fisherman. \n<ul class=\"wp-block-list\">\n<li>Married Anna Wilhelmine Paulsdatter (1847 &#8211; ?) on&nbsp;<a href=\"https:\/\/www.digitalarkivet.no\/kb20050303020957\" target=\"_blank\" rel=\"noreferrer noopener\">27 Aug 1866<\/a>&nbsp;in Vard\u00f8, Finmark, Norway<\/li>\n\n\n\n<li>They did not have any children but fostered several according to census data.<\/li>\n<\/ul>\n<\/li>\n\n\n\n<li>1846 \u2013&nbsp;<strong>Sjur<\/strong>&nbsp;Davidsson Kvale, born&nbsp;<a href=\"https:\/\/www.digitalarkivet.no\/view\/255\/pd00000040698320\" target=\"_blank\" rel=\"noreferrer noopener\">3 March 1846<\/a>, Kvale, Ulvik &#8211; died July 08, 1933 (aged 87), Cannon Falls, Goodhue, Minnesota, United States\n<ul class=\"wp-block-list\">\n<li>Married Martha Malena Johannesdatter (1844 &#8211; 1930) on 19 Nov 1867 in Avaldsnes, Rogaland, Norway. They had the following children:\n<ol class=\"wp-block-list\">\n<li>1868 \u2013 Anna Malene Sjursdatter Kvale (1868, Ulvik &#8211; 1888 Minnesota)<\/li>\n\n\n\n<li>1869 \u2013 Kari (= Carrie) Sjursdatter Kvale (1869, Ulvik -1963, Minnesota ), married in 1885 to Frank Baker (1846 &#8211; 1894). They had 3 sons. After his death she remarried in 1897 to Oscar Henry Hanson (1866 &#8211; 1925) with whom she had another 5 children.<\/li>\n\n\n\n<li>1871 \u2013 Lars Sjursson Kvale (1871 Ulvik &#8211; 1932 Minnesota), married Mary A Riley (1870 &#8211; 1958) in 1918. They did not have children.<\/li>\n\n\n\n<li>1873 \u2013 Ingeborg (= Emma) Sjursdatter Kvale* (1873, Ulvik &#8211; 1953 Minnesota), married in 1893 to Oscar Swanson (1869 &#8211; 1923). They had 6 children. <\/li>\n\n\n\n<li>1875 \u2013 Johanne (= Hanna) Sjursdatter Kvale (1875 Ulvik &#8211; 1920 Minnesota). She never married. <\/li>\n\n\n\n<li>1877 \u2013 Katrina Sjursdatter (1877 Ulvik &#8211; 1895 Minnesota)<\/li>\n\n\n\n<li>1879 \u2013 Helena Sjursdatter Kvale* (1879, Ulvik \u2013 1945 Minnesota). She married in 1898 to Lawrence H Lawson (1868 &#8211; 1950) and they had 11 children.<\/li>\n\n\n\n<li>1882 \u2013 David Sjursson Kvale (1882, Ulvik &#8211; 1960 Minnesota). He never married.<\/li>\n\n\n\n<li>1885 \u2013 Johan (= John) Sjursson Kvale (1885 Minnesota &#8211; 1917 Minnesota). He never married.<\/li>\n\n\n\n<li>Martha Serine Kvale (1888 Minnesota &#8211; 1969 Minnesota). She married in 1908 to Carl Magnus Anderson (1878 &#8211; 1920). They had 4 children.  After Carl&#8217;s death, she married in 1842 to his brother Frank Oscar Anderson (1874 &#8211; 1956). They had no children.<\/li>\n<\/ol>\n<\/li>\n\n\n\n<li>Took over the croft at Kv\u00e5le but it was to small to support his big family<\/li>\n\n\n\n<li>Emigrated to USA in 1881 and lived in Wanamingo, Goodhue, Minnesota, United States<\/li>\n\n\n\n<li>He was a stonemason<\/li>\n<\/ul>\n<\/li>\n<\/ol>\n\n\n\n<p>After her husband died Kari took over the farm with help from her son Nils. Later Sjur joined them and he took over the farm in Kv\u00e5le when Kari and Nils moved to Osa. <\/p>\n\n\n\n<h3 class=\"wp-block-heading advgb-dyn-7ca28755\">Census data<\/h3>\n\n\n\n<ul class=\"wp-block-list\">\n<li>1865 \u2014 <a href=\"https:\/\/www.digitalarkivet.no\/census\/person\/pf01038234002135\" target=\"_blank\" rel=\"noreferrer noopener\" title=\"Digital Archive transcript\">Ulvik, L\u00e6qve district, Daakken<\/a> : (this must have been the croft at Kv\u00e5le) living there were:\n<ul class=\"wp-block-list\">\n<li><strong>Kari Larsdatter<\/strong> &#8211; the main person\n<ul class=\"wp-block-list\">\n<li>Niels Davidsen &#8211; her son (my great-grandfather), a day labourer<\/li>\n<\/ul>\n<\/li>\n\n\n\n<li>Ingeborg Nielsdatter &#8211; her 85 year old mother,  a welfare recipient<\/li>\n\n\n\n<li>Herborg Olsdatter &#8211; an unmarried 56-year-old cripple receiving support (could it be her half-sister?)<\/li>\n<\/ul>\n<\/li>\n\n\n\n<li>1875 \u2014 <a href=\"https:\/\/www.digitalarkivet.no\/census\/person\/pf01052276002177\" target=\"_blank\" rel=\"noreferrer noopener\" title=\"Digital Archive transcript\">Ulvik, Brak\u00f8ine<\/a> : (Homesteads in Osa) [<a href=\"https:\/\/www.digitalarkivet.no\/ft20110201710108\" target=\"_blank\" rel=\"noreferrer noopener\" title=\"Record image\">Record<\/a>]\n<ul class=\"wp-block-list\">\n<li>Niels Davidsen &#8211;  Kari&#8217;s son (my great-grandfather), a farmer with two cows and five sheep<\/li>\n\n\n\n<li>Anna Andersdatter &#8211; his wife (my great-grandmother)\n<ul class=\"wp-block-list\">\n<li>Kari Nielsdatter &#8211; their daughter and Kari&#8217;s granddaughter<\/li>\n<\/ul>\n<\/li>\n\n\n\n<li><strong>Kari Larsdatter<\/strong> &#8211; lodging with her son&#8217;s family, she owned a sheep<\/li>\n<\/ul>\n<\/li>\n<\/ul>\n\n\n\n<h3 class=\"wp-block-heading\">Death<\/h3>\n\n\n\n<p>According to the farm books she died in 1884. <\/p>\n\n\n\n<hr class=\"wp-block-separator has-css-opacity advgb-dyn-c3f4f0ad\"\/>\n\n\n\n<h3 class=\"wp-block-heading advgb-dyn-2673724e\">Notes<\/h3>\n\n\n\n<p>Children of children taken from FamilySearch Family tree and not all researched independently.<br>* indicates I have a DNA match with this person&#8217;s descendants<\/p>\n\n\n\n<hr class=\"wp-block-separator has-css-opacity advgb-dyn-c3f4f0ad\"\/>\n","protected":false},"excerpt":{"rendered":"<p>G5 (ff-f-m) Kari Larsdatter (Place names: Bagne, Kv\u00e5le, Osa)Birth: 22 May 1801, Bagnsn\u00f8stet, Bagne, UlvikDeath: 1884, OsaParents: Lars Olsson Sandvin &amp; Ingebj\u00f8rg Nilsdatter BagneHalf-siblings: &#8212; via Ingebj\u00f8rg (with Ola Jonsson): Herbj\u00f8rg (1810-95), John (1813-99), Nils (1816-49), Sjur (1818), Brita (1822-22) &#8212; via Lars (with Ingebj\u00f8rg Hansdatter): \u00c5sa (1817-49), Cecilia (1824), Ole (1829-79)Husband: David Rasmusson (1801-58) &hellip; <a href=\"https:\/\/roots.osa-clan.net\/index.php\/family-tree\/david-osa-1920-1965\/lars-nilsen-osa-1890-1924\/nils-davidsson-osa-1841-1910\/kari-larsdatter-1801-84\/\" class=\"more-link\">Continue reading<span class=\"screen-reader-text\"> &#8220;Kari Larsdatter Bange (1801-84)&#8221;<\/span><\/a><\/p>\n","protected":false},"author":1,"featured_media":0,"parent":199,"menu_order":0,"comment_status":"closed","ping_status":"closed","template":"","meta":{"advgb_blocks_editor_width":"","advgb_blocks_columns_visual_guide":"","footnotes":""},"categories":[84,12],"tags":[71,107,36,70,54,31,30],"class_list":["post-678","page","type-page","status-publish","hentry","category-fathers-side","category-person","tag-bagne","tag-ff-f-m","tag-g5","tag-g5-ff-f-m","tag-kvale","tag-osa","tag-ulvik","hfeed"],"aioseo_notices":[],"coauthors":[],"author_meta":{"author_link":"https:\/\/roots.osa-clan.net\/index.php\/author\/kirsten-osa\/","display_name":"kirsten.osa"},"relative_dates":{"created":"Posted 5 years ago","modified":"Updated 3 years ago"},"absolute_dates":{"created":"Posted on June 10, 2021","modified":"Updated on October 9, 2023"},"absolute_dates_time":{"created":"Posted on June 10, 2021 7:54 am","modified":"Updated on October 9, 2023 11:56 am"},"featured_img_caption":"","featured_img":false,"series_order":"","_links":{"self":[{"href":"https:\/\/roots.osa-clan.net\/index.php\/wp-json\/wp\/v2\/pages\/678","targetHints":{"allow":["GET"]}}],"collection":[{"href":"https:\/\/roots.osa-clan.net\/index.php\/wp-json\/wp\/v2\/pages"}],"about":[{"href":"https:\/\/roots.osa-clan.net\/index.php\/wp-json\/wp\/v2\/types\/page"}],"author":[{"embeddable":true,"href":"https:\/\/roots.osa-clan.net\/index.php\/wp-json\/wp\/v2\/users\/1"}],"replies":[{"embeddable":true,"href":"https:\/\/roots.osa-clan.net\/index.php\/wp-json\/wp\/v2\/comments?post=678"}],"version-history":[{"count":31,"href":"https:\/\/roots.osa-clan.net\/index.php\/wp-json\/wp\/v2\/pages\/678\/revisions"}],"predecessor-version":[{"id":1394,"href":"https:\/\/roots.osa-clan.net\/index.php\/wp-json\/wp\/v2\/pages\/678\/revisions\/1394"}],"up":[{"embeddable":true,"href":"https:\/\/roots.osa-clan.net\/index.php\/wp-json\/wp\/v2\/pages\/199"}],"wp:attachment":[{"href":"https:\/\/roots.osa-clan.net\/index.php\/wp-json\/wp\/v2\/media?parent=678"}],"wp:term":[{"taxonomy":"category","embeddable":true,"href":"https:\/\/roots.osa-clan.net\/index.php\/wp-json\/wp\/v2\/categories?post=678"},{"taxonomy":"post_tag","embeddable":true,"href":"https:\/\/roots.osa-clan.net\/index.php\/wp-json\/wp\/v2\/tags?post=678"}],"curies":[{"name":"wp","href":"https:\/\/api.w.org\/{rel}","templated":true}]}}